1. Let w = 59 + -54. Suppose -p + w*p - 52 = 0. Suppose 0 = i - 15 + p. Determine b(i).
-5
Let z(d) be the second derivative of 16*d + 0 + 1/12*d**4 - 5/2*d**2 - 3/2*d**3. Suppose -36 = -6*t + 2*t. What is z(t)?
-5
Let s(p) = p**3 - 8*p**2 - 9*p - 11. Let m be (-1 - -2 - -150)/(-4 - -3). Let n = m - -160. Give s(n).
-11
Let q = 491 + -358. Suppose -15*d + q = 4*d. Let y(a) = a**2 - 9*a + 8. Determine y(d).
-6
Let k(o) = -o**3 - o**2 + 13*o - 10. Let g be (-17)/3 - ((-78)/78 + 1/3). Determine k(g).
25
Let p(y) = 6*y**3 - 6*y**2 - 4*y - 9. Let x(r) = -r**3 + r + 1. Let m(v) = p(v) + 5*x(v). Let z = 537 - 272. Let j = -259 + z. Give m(j).
2
Let k(u) = 4*u - 24. Let c be k(5). Let b(j) = -j**3 - 5 - 170*j**2 - 2*j + 327*j**2 - 162*j**2. Determine b(c).
-13
Suppose 4*d + 22 = 2*a, -3*d - 3*a - 8 = -14. Let f(q) = q**2 + q + 2. Let y(u) = -2*u**2 - 1. Let m(k) = d*f(k) - 2*y(k). Determine m(6).
14
Let v(l) = -l**3 - 4*l**2 - l - 3. Suppose 3*w - 62 = -2*z - 5, 9 = 3*w. Suppose -16 = 10*j + z. Give v(j).
1
Let u(y) = -y**3 - 7*y**2 + 7*y + 9. Suppose -4*t = -6*s + 11*s + 7, -s = -t - 13. Determine u(t).
17
Let u(c) = -22 + 53 - 26 - c**2. Let n be 6/(-3)*(-6)/3. Suppose -11 = -5*d + 4*m + 13, n*m + 4 = 0. Give u(d).
-11
Let p(q) = 15*q**2 - 331*q + 25. Let t be p(22). Let k be (3 - 3 - 1) + 3. Let h(d) = 2*d**3 - 3 - d**3 - 6*d**k + d + 3. Calculate h(t).
-24
Let a(x) be the first derivative of -x**3/3 - 13*x**2 - 151*x + 4971. Determine a(-17).
2
Let d(g) = -2*g**2 - 20*g - 30. Let h be -7 + 16 + (-54)/3. Give d(h).
-12
Let x(h) = -11 + 8 + 6 - h + 0*h. Let z(a) = -2*a - 1. Let b(q) = -x(q) + z(q). Calculate b(9).
-13
Let u be 6/(-3) + 0 + (20 - 3). Suppose -5*j - 5*r = -u, 4*r - 17 = 3*j - 12. Let v(y) = y**3 + y**2 - 2*y + 1. Determine v(j).
1
Suppose 4*k - 15 = 3*o, 5*o - 3*k = -6 - 8. Let m(w) = 25*w + 8*w**2 - 13*w - 11*w - 24*w**2. Give m(o).
-17
Let h(j) = j**3 - 2*j**2 + 2*j - 4. Let v(u) = -u**3 + 72*u**2 + 78*u - 361. Let n be v(73). Determine h(n).
36
Let j(p) = -p**2 + 12*p + 3. Let z(f) = 8*f**2 + 68*f + 11. Let c(x) = -2*x**2 - 23*x - 4. Let m(s) = -7*c(s) - 2*z(s). Let a(h) = -9*j(h) + 4*m(h). Give a(9).
6
Suppose 4*z = 0, -5*l - 28*z + 17*z + 8*z = 15. Let m(n) = 27*n + 6. Determine m(l).
-75
Let q(d) = -2903*d + 965*d + 969*d + 972*d. Let s(y) = -y**2 + 3*y + 2. Let w be s(3). What is q(w)?
6
Let t(n) be the first derivative of -17*n**4/24 + n**3/6 + 9*n**2 + 2*n - 64. Let h(g) be the second derivative of t(g). Determine h(2).
-33
Let z(g) = -498*g - 487*g + g**2 + 1476*g - 3 - 498*g. Let k(b) = b - 1. Let n = -1 + 5. Let x(p) = n*k(p) + z(p). Calculate x(5).
3
Let w(g) be the third derivative of g**5/60 + 7*g**4/24 + 5*g**3/6 + 2*g**2 - 26. Suppose -16*n + 20 = -21*n. Determine w(n).
-7
Let h(u) = 6 + 3*u**3 + 130*u - 129*u - 3*u**2 - 5. Let x be (2 - 6)*(-5)/(-20)*47. Let o = x - -49. Determine h(o).
15
Let b(m) = -51*m**3 - 10*m**2 + 2*m - 3. Let f(t) = 54*t**3 + 7*t**2 - t + 2. Let d(r) = 2*b(r) + 3*f(r). Calculate d(-1).
-60
Let l(i) = 18*i**3 + 3*i - 2. Let x be (-9*(-3)/162)/(9/54). Give l(x).
19
Let w(f) be the first derivative of -3*f**2/2 + 7*f - 1. Let k be (-4)/(-3*(-20)/(-105))*1. Let m(o) = 3*o - 8. Let l(r) = k*w(r) + 6*m(r). Calculate l(3).
-8
Let u(k) be the third derivative of 7*k**4/8 + 10*k**3 - 16*k**2 + 5. Determine u(-3).
-3
Let l be 6/(-33) - (-4 - (-140)/(-44)). Let g(v) = -v**2 + v - 6. Let n(o) = -o**2 + o - 4. Let q(x) = l*n(x) - 5*g(x). Calculate q(2).
-2
Let i(w) = -3*w**3 + w**2 - w + 4. Let r be i(3). Let l = 78 + r. Suppose -l*y = -10*y - 9. Let n(o) = 7*o + 1. Give n(y).
-20
Let q(c) = -14 + 2*c - 6*c + 22 + 3*c. Let y be q(2). Suppose -y*l = -3*l - 2*g - 3, 3*l - 4*g = -3. Let s(p) = p**2 + p - 1. Give s(l).
11
Let j(m) be the third derivative of 3*m**5/10 + 31*m**4/8 + m**3 - 348*m**2. What is j(-5)?
-9
Let h(v) be the first derivative of -v**4/4 + 2*v**3 - 5*v**2/2 - v - 3794. Suppose -4*l + p = -3*l, -3*l + 24 = 3*p. Determine h(l).
11
Let x = -24189 - -24188. Let a(f) = 70*f**2 - 6*f - 5. What is a(x)?
71
Let w(t) = 8*t**2 + 2*t + 2. Let m be w(-1). Suppose -m*b + 78 = 5*b. Let c(f) = -3*f + 3 + 7*f**2 + b*f**2 - 15*f**2. Calculate c(2).
-11
Let v(z) = -z**3 - 2*z**2 + 4*z + 6. Let r be v(-3). Let u(a) = -r - 4 - a + 0*a + 3. Suppose 0*b = -5*b - 15. Determine u(b).
-1
Let c(p) = p**2 - 19*p + 40. Let a be c(17). Let q(y) = 8 - a*y - 7*y + 14*y. Calculate q(-11).
-3
Let a(w) = -w**3 + 5*w**2 - 4*w - 1. Let q(y) = -y**2 + 16*y - 13. Let p be q(15). Suppose 0*g - 19 = -g - 5*c, 0 = p*g + 3*c - 17. What is a(g)?
-1
Let b(v) be the third derivative of -v**6/120 - 7*v**5/30 - 13*v**4/24 + 5*v**3/3 - 327*v**2 + 1. Let d be 14/(-6) - -3 - 82/6. Calculate b(d).
10
Let y(v) = v**2 + 5*v - 3. Let l(a) = -7*a**2 + 21*a - 67. Let p(h) = 4*h**2 - 10*h + 33. Let k(i) = -3*l(i) - 5*p(i). Let x be k(7). Give y(x).
3
Suppose 3*o - 20 = -5*z, 0 = 5*z - 2*z - 12. Suppose -3*f + 0*k = 3*k + 3, o = -2*k + 2. Let p(m) = m**2 + 182 + 2*m**2 - 183 - 5*m**2 + m. Calculate p(f).
-11
Let u(t) be the second derivative of t**4/4 - t**3/3 - t**2/2 + 12733*t - 1. Suppose 2*z - 6*z = -8. What is u(z)?
7
Let t(s) = -7*s + 1. Suppose -11*i + 30 = -i. Let r(l) = -5*l + 2. Let z(j) = i*r(j) - 2*t(j). Determine z(5).
-1
Suppose 1030*q + 752 = 1077*q. Let j(x) = 2*x**2 - 29*x - 21. What is j(q)?
27
Let r(b) = -22*b**3 - 11*b**2 + 21. Let l(f) = 3*f**3 + f**2 - 6. Let g(v) = -7*l(v) - r(v). Determine g(-5).
-4
Let k be 7/35*(65 + 0). Suppose -21 = -16*i + k*i. Let g(q) = -5329 + 5331 - q**2 + 11*q - 4*q. Calculate g(i).
2
Let a(n) = -n**3 - 9*n**2 - 6*n + 25. Suppose -2*d - 6 = 2*o, 3*o = -3*d + 2*d - 19. What is a(o)?
9
Let g(c) be the third derivative of -c**6/120 - c**5/30 + 29*c**4/24 + 2*c**3 - 3*c**2 + 19*c - 2. Give g(5).
-18
Let u = 509 + -504. Suppose u*f - 4*k - 80 = 0, -2*f - 38 = -6*f - 2*k. Let n(j) = 2*j - 9. Calculate n(f).
15
Let d(i) = 166*i - 1 - 287*i + i**2 + 117*i. Suppose -5 = 5*f - 3*r - 11, -f = -r. Calculate d(f).
-4
Let a = -1259 + 1237. Let h be 0 + 1 - (-5 + 0). Let u(k) = k. Let p(d) = 3*d. Let o(i) = a*u(i) + h*p(i). What is o(-4)?
16
Let o(w) = -2*w**3 + 2*w + 1. Suppose -167 = -4*v + 3*f - 16, 0 = -4*v - 4*f + 144. Suppose 118 = -3*q + b, 12 = -2*q + 4*b - 80. Let g = v + q. Calculate o(g).
1
Let t(c) = 7*c**2 - c + 0*c**2 - 9 + c**3 + 0*c**2. Let o = -58 - -63. Suppose 3*h = -o*u - 41, 22 = -3*u + u - 4*h. Give t(u).
-2
Let s(b) = -b + 10. Let y be (-3)/3 - (-20)/2. Suppose -22 = -y*z + 104. Let k be s(z). Let n(m) = -m**2 - 4*m + 3. Determine n(k).
3
Let s(f) be the third derivative of -19*f**2 + 14/3*f**3 + 0 - 1/4*f**4 + 0*f - 1/120*f**5. Let p(v) be the first derivative of s(v). What is p(0)?
-6
Let o(q) be the first derivative of 61*q**2/2 - 3*q + 327. Give o(1).
58
Suppose -77 = c - 75, 2 = u + 2*c. Let j(t) = 20*t - 106. Determine j(u).
14
Let h be 4 + 12/4 + -1. Suppose c + 3*g = h, 5*g + 43 = 5*c + 7*g. Let m(l) = 5*l - 10. Give m(c).
35
Let s(g) = 22*g - 1. Suppose 17 = 4*j - 3. Let p be (-2 + (-33)/(-15))*2*j. Suppose 5*v + 3 = n - 5*n, -9 = -5*v + p*n. Calculate s(v).
21
Let a(z) = -132*z**3 - 130*z**3 - 9*z**2 + 391*z**3 + 13 - 128*z**3. Calculate a(9).
13
Let y(m) = m + 3. Let p be y(4). Suppose -2*a - p = -41. Let s(w) = -w + 4*w - 13 - 2*w + a. What is s(-3)?
1
Let d(g) be the second derivative of -g**3/6 - 5*g**2 - 21*g. Let w(t) = 3*t + 28. Let v(l) = 11*d(l) + 4*w(l). What is v(-5)?
-3
Let u(a) = 2 - 6689*a + 6679*a + 2*a**2 - 19 + 3*a**2. What is u(-2)?
23
Let t(z) = -3*z**3 - 2*z**2 + 3*z - 2. Let d be 5/(17 + (9 - 21)). Calculate t(d).
-4
Let v(b) = -47*b**2 - 13*b - 46*b**2 + 132*b**2 - 5 - 41*b**2. Let p(y) = -y**2 - 6*y - 2. Let u(s) = -5*p(s) + 3*v(s). Calculate u(-8).
3
Let z(v) be the first derivative of v**4/4 - 8*v**3 - v**2 + 52*v - 1289. Calculate z(24).
4
Let l(w) = 3*w - 6. Let d be -12*(3 + 136/(-24)). Suppose h - 15 = -h + s, -d = -5*h - 3*s. Give l(h).
15
Let i = -634 - -646. Let r(k) = -3 + i + 4 - k - 4 + 4. What is r(20)?
-7
Let a(d) = -4*d - 116. Suppose 1630*f = 1627*f - 4*b - 96, -5*f - b - 160 = 0. What is a(f)?
12
Let r(t) = 16 + 14 - t - 45 + 16. Let p = 85 - 85. Suppose d - 1 = -j + 11, -2*d + 3*j + 4 = p. Determine r(d).
-7
Let z = -503 - -508. Let